 What are the prime factors of q?
2, 113
List the prime factors of (-12)/30 - 367/(-5).
73
What are the prime factors of (-66 + -8)*2/(-4)*2?
2, 37
Let k = 32 - 22. List the prime factors of k.
2, 5
Suppose 2*x = -5*x + 21. List the prime factors of x.
3
Let m(h) = h + 12. Let o be m(-10). Suppose 2*r + 5*y - 7 = 7, 0 = -3*r + 4*y - o. Suppose -s + 6 = -r. What are the prime factors of s?
2
Suppose 3*t - 3 - 12 = 0. Suppose t*a = 91 - 36. What are the prime factors of a?
11
List the prime factors of 45/10 - 6/(-4).
2, 3
Let x = 95 + 21. List the prime factors of x.
2, 29
Suppose 0 = s - 81 - 42. List the prime factors of (-2)/10 + s/15.
2
Suppose 0 = -0*o + 5*o - 15. Let s = 6 - o. List the prime factors of s.
3
Let k(t) be the first derivative of t**3/3 + t + 3. Let q be k(-3). Suppose -19 = -l - 3*h, h = 2*l - 0*h - q. List the prime factors of l.
7
Let u be (-45)/(-20) - (-2)/(-8). Suppose 5*a + 18 = 3*r + u*a, -4*a = -5*r + 25. List the prime factors of (84/16)/(r/4).
3, 7
Suppose 2*v - 714 = -3*g, 5*g + 370 = 3*v - 2*v. List the prime factors of v.
2, 3, 5
Let z = -15 + 30. Let p = 100 - 157. What are the prime factors of p/(-5) - (-9)/z?
2, 3
Suppose 2*l - 27 - 21 = 0. List the prime factors of l.
2, 3
Let m = 22 + -22. Suppose 42 = d - m*d. What are the prime factors of d?
2, 3, 7
Let j(u) = -4*u - 5. List the prime factors of j(-5).
3, 5
Let p(d) = d**3 - 14*d**2 + 16. List the prime factors of p(14).
2
Let s(a) = -a**2 + 2. Let n = 5 - 5. Let t be s(n). Suppose t*w + 4 - 10 = 0. List the prime factors of w.
3
Suppose 0 = 13*o - 9*o - 164. List the prime factors of o.
41
Let b be (-95)/20*8/(-2). Suppose -5*w + 76 = 3*q - 4*q, -w + 4*q = -b. List the prime factors of w.
3, 5
Let f = 119 - -78. What are the prime factors of f?
197
Suppose 12 + 14 = q. List the prime factors of q.
2, 13
Let p(t) = -t + 2. Let d be p(-5). Suppose -4*c = -d*c + 18. Suppose 5*i = 2*a + 14, c*a - 4*i = a - 1. What are the prime factors of a?
3
List the prime factors of (1/3)/(6 + (-2948)/492).
41
Let o be (-60)/(-16) + 2/8. Suppose -i = -o*k + 27, -3*i = 2*k - 2*i - 9. List the prime factors of k.
2, 3
Suppose -a = i - 8, -2*a - 2*a + 8 = -2*i. Suppose -4*q - i = -6*q. What are the prime factors of q?
2
Let m be 4/6*3 + 32. What are the prime factors of (m/2)/(-1 + 2)?
17
Let o be (-20)/8*4/(-5). Let x(l) = -o - 8 + 3 - 2*l. List the prime factors of x(-5).
3
Suppose 0 = 4*i - 3*i + 8. Let c(f) be the second derivative of f**5/20 + 7*f**4/12 - 5*f**3/3 - 6*f**2 - f. What are the prime factors of c(i)?
2
Let v = 9 - 7. Suppose u = 5 + v. List the prime factors of u.
7
Let z = -6 + 1. Let i = z - -6. List the prime factors of i/3*(27 + -6).
7
Suppose -3*x - 5*d = -2*x + 13, -5*d = 15. Suppose 0 = x*q - 1 + 9. What are the prime factors of 1*8 + 0/q?
2
Suppose 444 = 4*i + 2*i. List the prime factors of i.
2, 37
Let q = -28 - -40. List the prime factors of q.
2, 3
Let g = 12 + -12. Suppose -6*z + 2*z + 64 = g. What are the prime factors of z?
2
Let o be ((-55)/10)/((-1)/10). Let v be (o/(-2))/((-4)/8). Suppose -4*j = 5*b + 10 - 36, 0 = -5*j + 5*b + v. List the prime factors of j.
3
Let l(b) = b. Suppose -h + 4*h - 3 = k, -15 = -5*k. Let j be l(h). Suppose j*w - 2 = 2. List the prime factors of w.
2
Suppose 2*x - 18 = 3*y - 2, 0 = -x - 3*y - 10. Suppose 1 = x*r - 7. What are the prime factors of r?
2
Let s = 29 + 124. What are the prime factors of s?
3, 17
Let g be (-10)/(-8) - 3/(-4). Suppose -8 = -4*r + 2*i, -2*r + g*i + 4 = -3*i. List the prime factors of r.
2
Let g(q) = -2*q - 1. Let v(i) = -i**3 - 10*i**2 - 5. Let j be v(-10). List the prime factors of g(j).
3
Let p(m) = -m**3 + 3*m**2 - 2*m + 2. Let x be p(2). Suppose -4*n - x*i = -14, 0 = 3*n - 6*n + 3*i + 24. What are the prime factors of n?
5
Suppose -5 = 5*k - 40. Let f = 4 + k. List the prime factors of f.
11
Let b(g) = g + 9. Let m be b(-8). What are the prime factors of m - 1 - (-52)/4?
13
Suppose -27 = -0*p - 3*p. Let m(g) = g - 5. What are the prime factors of m(p)?
2
Suppose -5*u + 6*u - 72 = 0. List the prime factors of u.
2, 3
Let u(q) = -42*q - 1. List the prime factors of u(-2).
83
Let v be -5 - (-1 - (-1 - -2)). Let c = v + 17. What are the prime factors of c?
2, 7
Let r(x) = -x**2 + x - 2. Let i be r(2). Let v(l) = l**2 + 4*l + 6. List the prime factors of v(i).
2, 3
Let a be -2 + 4 + (2 - 1). Let k be 2*(-2 + a/1). Suppose -64 = -4*z - 0*z - 2*j, -k*z + 32 = -3*j. List the prime factors of z.
2
Let s(t) = t**2 + 6*t + 7. Let p be s(-5). Let o = p - 2. Suppose 0*b - 2*b + 10 = o. List the prime factors of b.
5
Suppose -d + 90 = 2*d. Let o be (21/(-28))/((-1)/8). Suppose i = o*i - d. What are the prime factors of i?
2, 3
Let l = -27 + 108. List the prime factors of l.
3
Let j(o) = -o**3 - 8*o**2 + 15*o + 12. List the prime factors of j(-10).
2, 31
Let r(z) = 2*z**3 - 4*z**2 + 3*z + 4. Let s be r(3). Let y = 10 + s. List the prime factors of y.
41
Let c = -46 - -99. Let d = c + -9. What are the prime factors of d?
2, 11
Suppose i + f = 14, 3*f = i - f - 34. What are the prime factors of i?
2, 3
Suppose -2*g = -u - 32, -u - 16 = -5*g + 1. List the prime factors of (u/35)/(4/(-10)).
3
Suppose 0 = 5*i - 4*n + 146, 0 = -6*i + 3*i - 4*n - 94. Let t = -15 - i. List the prime factors of t.
3, 5
Let r(j) be the first derivative of 3*j**2 - 8*j + 2. Let i be r(7). Suppose 5*l - 1 = i. List the prime factors of l.
7
Let f(g) = -g**3 - 6*g**2 + 7*g + 8. Let p be f(-6). Let k = 67 + p. What are the prime factors of k?
3, 11
Let y = 13 + -4. Suppose -4*c + y = -3. List the prime factors of c.
3
Let g = -25 - -43. What are the prime factors of g?
2, 3
Suppose 39 = -5*a + 259. List the prime factors of a.
2, 11
Suppose -11*c + 12*c = 16. Suppose -2*f + c = -2*r - 6*f, 0 = -3*r + f - 17. List the prime factors of (0 - r)*10/3.
2, 5
Suppose 2*g + 160 = 2*d - 2*g, 0 = -2*d - 5*g + 151. List the prime factors of d.
2, 3, 13
Let p(q) = -11*q**3 + 5*q**2 + 9*q + 4. Let j(f) = 6*f**3 - 3*f**2 - 5*f - 2. Let g(z) = -7*j(z) - 4*p(z). List the prime factors of g(2).
2
Suppose -i = 2*b - 22, 3*i - 3*b - 110 = -2*i. What are the prime factors of i?
2, 11
Let d = 13 + 17. What are the prime factors of d/4*8/10?
2, 3
What are the prime factors of ((-1)/(-3))/((-9)/(-4401))?
163
Let g = 253 + -177. What are the prime factors of g?
2, 19
Let o(l) = -l**2 + 7*l - 4. Suppose -5*x - p + 10 = -5*p, 3*x + 4*p - 38 = 0. Let j be o(x). Suppose y - 5 = j. What are the prime factors of y?
7
Suppose -4*f + f = -48. Suppose 4 - f = -2*p. List the prime factors of p.
2, 3
Suppose -3*n + 0*n - l = -131, 0 = -4*l + 20. What are the prime factors of n?
2, 3, 7
Suppose -425 = -2*g - 3*g. List the prime factors of g.
5, 17
Let n = -13 - -31. Suppose s + 0*s - n = 0. What are the prime factors of s?
2, 3
What are the prime factors of ((-1)/3)/(9/(-81))?
3
Let h(p) = -p - 12. Let c be h(-14). Suppose 3*a - 60 = 4*t, 0 = -a + c*a + 4*t - 36. What are the prime factors of a?
2, 3
Let d be 163 + 0 + 32/(-8). Suppose -3*y = 3*k - d, 3*k - 50 - 84 = 2*y. List the prime factors of k.
2, 3
Suppose -2*y = -12 + 4. Suppose -2*m = -3*d + 12 - 29, -m + y = -3*d. List the prime factors of m.
13
Let x = 5 - 1. Let z be x/8*(-2 + -62). Let n = z + 45. List the prime factors of n.
13
Let f = 10 + -34. Let i = f - -42. List the prime factors of i.
2, 3
Suppose -3*i + 5*i = 4. Suppose -i*v + 145 = 3*v. What are the prime factors of v?
29
Let f = -81 + 26. What are the prime factors of 326/22 - 10/f?
3, 5
Suppose 0 = -26*p + 25*p + 159. List the prime factors of p.
3, 53
Suppose 0 = -4*p - 3*d + 269, -2*p = 4*d - 158 + 36. What are the prime factors of p?
71
Let i = 25 + -23. What are the prime factors of i?
2
Suppose -6*u + 146 = 2*w - u, w = -2*u + 72. List the prime factors of w.
2, 17
Let t(i) = 8*i - 20. What are the prime factors of t(10)?
2, 3, 5
Suppose p - 4 = 0, -5*d + 3*p + 128 = -0*p. Suppose -4*h = -2*h - d. List the prime factors of h.
2, 7
Let m(n) = n**3 - 6*n**2 + 6*n + 3. Let y be m(6). Suppose 4*h - 77 = -5*f, -2*h = -3*f - y + 6. List the prime factors of h.
2, 3
Let d(l) = -l + 7. Let q be d(5). Suppose 0 = -4*v - q*k + 100, -4*k + 75 = -2*v + 5*v. What are the prime factors of v?
5
Let p = -50 + 94. What are the prime factors of p?
2